500?
1182
Calculate the greatest common divisor of 82968 and 24.
24
Calculate the greatest common divisor of 130 and 98215.
65
What is the highest common factor of 29736 and 567?
63
Calculate the greatest common divisor of 609 and 83391.
21
What is the highest common factor of 415952 and 64?
16
What is the highest common factor of 256127 and 697?
41
Calculate the greatest common factor of 6 and 192141.
3
What is the highest common factor of 13475 and 143?
11
What is the greatest common factor of 182471 and 1?
1
What is the highest common divisor of 4480 and 76860?
140
What is the greatest common factor of 726642 and 553?
553
What is the greatest common factor of 2318 and 14762?
122
Calculate the greatest common divisor of 31783 and 111.
37
What is the highest common divisor of 51036 and 24?
12
Calculate the greatest common divisor of 4214 and 1960.
98
Calculate the highest common divisor of 16360 and 230.
10
Calculate the greatest common factor of 491230 and 60.
10
Calculate the highest common factor of 943 and 23782.
23
What is the greatest common factor of 137200 and 4480?
560
Calculate the greatest common divisor of 138335 and 292.
73
What is the greatest common divisor of 3921 and 1371043?
1307
Calculate the greatest common divisor of 4191198 and 33.
33
Calculate the greatest common factor of 100555 and 19805.
85
Calculate the greatest common factor of 10650 and 570.
30
Calculate the greatest common divisor of 273 and 3381.
21
Calculate the highest common factor of 1813649 and 771.
257
Calculate the greatest common factor of 65798 and 3674.
334
Calculate the greatest common factor of 4 and 49372.
4
What is the greatest common divisor of 80665 and 680?
85
What is the greatest common factor of 15 and 59154?
3
Calculate the highest common divisor of 236834 and 39.
13
What is the greatest common factor of 75240 and 390?
30
Calculate the greatest common factor of 29475 and 765.
45
Calculate the greatest common divisor of 9 and 1299528.
9
Calculate the greatest common divisor of 11836 and 8339.
269
What is the greatest common factor of 371 and 6867?
7
What is the greatest common divisor of 115 and 31142?
23
What is the greatest common divisor of 54692 and 8362?
226
Calculate the greatest common factor of 45 and 1775.
5
Calculate the greatest common divisor of 34101 and 2511.
81
What is the greatest common divisor of 30 and 20830?
10
What is the greatest common divisor of 1414 and 165034?
202
Calculate the greatest common factor of 131564 and 186.
62
What is the greatest common factor of 3512 and 1869701?
439
Calculate the highest common divisor of 589 and 456.
19
Calculate the highest common factor of 49 and 2384389.
49
Calculate the greatest common divisor of 104668 and 1719.
191
What is the greatest common factor of 3056 and 355833?
191
What is the highest common factor of 944 and 592301?
59
Calculate the greatest common factor of 376 and 731132.
188
What is the highest common factor of 32 and 106208?
32
Calculate the greatest common divisor of 738 and 5494.
82
Calculate the greatest common divisor of 1681 and 3608.
41
Calculate the greatest common factor of 624505 and 98.
49
Calculate the greatest common divisor of 1011 and 54931.
337
Calculate the highest common factor of 16 and 768688.
16
What is the highest common factor of 25410 and 10500?
210
What is the greatest common divisor of 56 and 167736?
8
Calculate the greatest common factor of 258 and 143061.
129
What is the highest common factor of 2644 and 32389?
661
What is the highest common factor of 492375 and 606?
303
What is the highest common factor of 10608 and 15028?
884
Calculate the greatest common factor of 4183353 and 1107.
1107
Calculate the greatest common divisor of 5566 and 2519.
11
Calculate the greatest common divisor of 2891 and 35.
7
What is the highest common factor of 2006 and 3?
1
What is the greatest common divisor of 1841341 and 3459?
1153
What is the highest common divisor of 18 and 74442?
6
What is the greatest common factor of 14707 and 2079?
77
What is the highest common divisor of 495 and 9075?
165
What is the highest common factor of 972 and 1524582?
486
What is the greatest common divisor of 889 and 6181?
7
What is the greatest common factor of 85 and 1225054?
17
Calculate the highest common factor of 66375 and 5310.
2655
Calculate the highest common divisor of 9306 and 792.
198
What is the greatest common factor of 16314 and 12?
6
What is the greatest common divisor of 14625 and 66105?
585
Calculate the highest common factor of 28392 and 2392.
104
What is the greatest common factor of 1901 and 2?
1
Calculate the highest common factor of 258 and 29148.
6
Calculate the greatest common factor of 55990 and 550.
110
What is the highest common factor of 21 and 3668924?
7
Calculate the highest common factor of 346550 and 1434.
478
Calculate the greatest common factor of 216645 and 660.
165
Calculate the greatest common divisor of 18 and 30906.
18
Calculate the greatest common factor of 7917 and 23403.
87
What is the highest common factor of 341145 and 7?
7
What is the greatest common factor of 290 and 39210?
10
Calculate the greatest common factor of 297 and 465057.
9
Calculate the greatest common divisor of 689210 and 820.
410
Calculate the highest common factor of 504352 and 608.
32
Calculate the greatest common divisor of 209 and 56563.
19
Calculate the greatest common divisor of 785778 and 14.
14
What is the highest common factor of 67 and 308401?
67
What is the highest common factor of 31255 and 190?
95
Calculate the highest common divisor of 2980 and 1000.
20
What is the highest common factor of 18144 and 3339?
63
What is the greatest common divisor of 644 and 736?
92
Calculate the greatest common divisor of 493980 and 60.
60
Calculate the greatest common divisor of 1026 and 133950.
114
What is the highest common factor of 504 and 263826?
18
What is the highest common factor of 957 and 43935?
87
What is the highest common divisor of 930 and 150?
30
Calculate the greatest common factor of 4242 and 12524.
202
Calculate the greatest common factor of 725 and 2292305.
145
What is the greatest common factor of 247 and 7182?
19
Calculate the greatest common factor of 3795 and 30.
15
Calculate the greatest common factor of 242 and 63646.
242
What is the greatest common divisor of 212 and 460729?
53
Calculate the highest common divisor of 4266 and 45.
9
Calculate the highest common factor of 306 and 28.
2
Calculate the greatest common factor of 13182 and 312.
78
What is the highest common divisor of 5148 and 5676?
132
Calculate the highest common factor of 144072 and 2376.
216
What is the highest common divisor of 550 and 3450?
50
Calculate the greatest common factor of 4436 and 52.
4
What is the highest common factor of 434 and 35371?
217
What is the greatest common factor of 5700 and 22200?
300
Calculate the greatest common factor of 14651 and 20033.
299
What is the greatest common factor of 69 and 22443?
3
What is the highest common factor of 34 and 160004?
34
What is the highest common factor of 1848984 and 72?
24
Calculate the greatest common divisor of 48843 and 67.
67
What is the highest common divisor of 50 and 797600?
50
What is the highest common factor of 5964 and 9660?
84
Calculate the highest common factor of 272 and 9588.
68
Calculate the greatest common factor of 5166 and 1827.
63
Calculate the greatest common divisor of 17324 and 8236.
284
What is the greatest common divisor of 692772 and 12?
12
Calculate the highest common factor of 2542296 and 24.
24
What is the greatest common factor of 293273 and 1909?
23
What is the greatest common divisor of 234 and 567?
9
What is the highest common divisor of 333024 and 192?
96
Calculate the highest common factor of 7920 and 1836.
36
Calculate the greatest common factor of 559810 and 356.
178
What is the greatest common factor of 74 and 905612?
74
Calculate the highest common factor of 760 and 130644.
76
Calculate the highest common factor of 39 and 2171611.
13
Calculate the highest common factor of 1144533 and 78.
39
What is the greatest common factor of 1092 and 3331146?
546
Calculate the highest common divisor of 36 and 2176.
4
Calculate the greatest common factor of 6747 and 130.
13
Calculate the highest